cdb93
What is -1035045 (base 8) in base 15?
-57139
What is -30015 (base 15) in base 4?
-211011113
-153325 (base 11) to base 5
-30114024
5084685 (base 10) to base 4
103121120031
What is -104114234 (base 6) in base 11?
-1071740
-1664a38 (base 12) to base 13
-c5618c
Convert 1302010421 (base 5) to base 13.
866c51
Convert 1527271 (base 8) to base 4.
1222322321
What is -161601 (base 8) in base 7?
-331541
What is -69789 (base 12) in base 13?
-4c2a5
Convert 111010000110110 (base 2) to base 10.
29750
Convert 260408 (base 13) to base 10.
914636
What is -215137 (base 12) in base 9?
-883187
What is -89443 (base 10) in base 9?
-145621
What is -2550021 (base 8) in base 14?
-146361
Convert 23212012113 (base 4) to base 10.
3039639
Convert 1169189 (base 13) to base 4.
110203303103
Convert 4705a8 (base 11) to base 6.
24004130
What is 5dcd38 (base 16) in base 3?
102120022121220
-405544 (base 10) to base 12
-176834
Convert 16223164 (base 8) to base 15.
4deb31
1056110 (base 8) to base 12
119460
What is -1001221110 (base 4) in base 7?
-2166630
7917885 (base 10) to base 5
4011333020
29b200 (base 12) to base 7
5660160
Convert -677467 (base 9) to base 7.
-3306553
What is 1110011011011101110 (base 2) in base 8?
1633356
-5377210 (base 8) to base 4
-11133322020
210001001222000 (base 3) to base 8
52516477
What is -56b03 (base 12) in base 5?
-12200020
101335454 (base 6) to base 9
3264047
Convert -402446 (base 7) to base 11.
-4721a
Convert 1113213005 (base 6) to base 14.
18961d3
Convert -1443014 (base 6) to base 5.
-10133402
What is -489623 (base 13) in base 15?
-243dbb
What is 104513 (base 11) in base 9?
274058
b7f07 (base 16) to base 14
1587d5
Convert 316bc4 (base 15) to base 16.
23e22b
-20010120020 (base 3) to base 8
-353570
21246 (base 12) to base 14
11c22
What is -1101000202212 (base 3) in base 13?
-1c6982
What is -11000011110011000 (base 2) in base 14?
-28768
Convert 21420220 (base 7) to base 4.
13000131031
What is 10215035 (base 6) in base 13?
a5785
What is -11857 (base 10) in base 14?
-446d
-719389 (base 13) to base 16
-2867c5
-734473 (base 8) to base 14
-64d07
What is -11113525 (base 8) in base 9?
-4454435
12690a8 (base 11) to base 5
1030143411
16c35a (base 13) to base 10
569605
-1336693 (base 10) to base 15
-1b60cd
Convert -601781 (base 9) to base 15.
-705ad
Convert 124430003 (base 5) to base 15.
c4c38
2200332223 (base 4) to base 3
1020111111011
-2203221101 (base 4) to base 16
-a3a51
What is 100013001 (base 4) in base 13?
2405a
685ca (base 13) to base 3
100122120022
What is 5437343 (base 8) in base 15?
1dbe7b
-4011013423 (base 5) to base 15
-a62dc8
Convert 47357 (base 10) to base 11.
32642
-40022330 (base 6) to base 16
-11224e
Convert 100000011101010111 (base 2) to base 10.
132951
What is 48852a (base 12) in base 13?
322249
-101001100000101 (base 2) to base 9
-32134
Convert -230040030 (base 6) to base 4.
-100002123102
-4321144 (base 6) to base 9
-353841
What is 12ddd3 (base 16) in base 5?
304031220
Convert 15d7c8 (base 15) to base 14.
1d7894
-132104244 (base 5) to base 11
-410914
Convert 475735 (base 10) to base 12.
1ab387
-1229b (base 15) to base 10
-57971
b3c6 (base 13) to base 8
60404
What is 1122122120000 (base 3) in base 10?
878850
Convert -4bab4 (base 13) to base 6.
-3001144
What is 79526 (base 12) in base 15?
32c89
What is -1540633 (base 8) in base 3?
-211111101020
-27d83 (base 16) to base 12
-7a543
-6327c (base 15) to base 13
-b017b
Convert -2496410 (base 10) to base 16.
-26179a
Convert -477647 (base 11) to base 15.
-ee375
Convert -1198f3 (base 16) to base 7.
-12542203
What is 101110000110011011100 (base 2) in base 15?
1ec8d0
-3404332 (base 7) to base 4
-1212331111
-3461b (base 16) to base 12
-a41b7
What is -23542 (base 14) in base 3?
-11101002222
What is 3212 (base 15) in base 5?
314332
60b1e (base 15) to base 12
129292
What is 800896 (base 11) in base 13?
361c0b
What is -30110 (base 9) in base 2?
-100110100111101
-1101200220 (base 3) to base 4
-12231123
121200101312 (base 4) to base 16
660476
Convert 35359a (base 13) to base 5.
310423442
Convert -14533240 (base 6) to base 9.
-856616
Convert 150033 (base 6) to base 12.
8319
Convert 183b05 (base 16) to base 3.
2222200021211
What is -464756 (base 8) in base 16?
-269ee
What is -447099 (base 13) in base 11?
-a03350
Convert -bc371 (base 16) to base 8.
-2741561
Convert -33c3 (base 14) to base 3.
-110100000
Convert -214756 (base 8) to base 9.
-120003
Convert 1562a6 (base 16) to base 10.
1401510
Convert -121121100222 (base 3) to base 12.
-1391a5
Convert 2145204 (base 6) to base 14.
2b216
Convert -1d134f (base 16) to base 12.
-77a867
What is -4044410 (base 8) in base 3?
-2000020000121
Convert -12022021023 (base 4) to base 15.
-21d526
What is -2355213 (base 6) in base 16?
-1e579
-a9521 (base 15) to base 12
-21b271
Convert 44530015 (base 6) to base 7.
14316242
Convert 2011112112201 (base 3) to base 10.
1152217
What is 31551674 (base 8) in base 3?
110200101000000
Convert 207471 (base 9) to base 15.
26944
What is -11413444401 (base 5) in base 6?
-1155402111
3a930a (base 12) to base 4
3230301322
1004152 (base 6) to base 8
134744
Convert 303235 (base 7) to base 13.
1a623
d461f9 (base 16) to base 3
222012010212220
Convert 1dc23 (base 16) to base 14.
325c7
What is -471879 (base 10) in base 16?
-73347
14637a1 (base 12) to base 3
21201220122211
What is -229550 (base 10) in base 4?
-320002232
Convert -110111110010011010 (base 2) to base 13.
-80015
Convert 11c3bd9 (base 14) to base 7.
132402562
Convert -7283498 (base 11) to base 6.
-1135150221
7c000 (base 14) to base 6
10245224
-84eef (base 16) to base 12
-223127
Convert -1008ac4 (base 13) to base 11.
-2810059
What is -174114 (base 10) in base 7?
-1323423
Convert 22303320323 (base 4) to base 3.
12022222111012
4c4a40 (base 14) to base 8
12007400
What is 24a249 (base 11) in base 4?
1200100133
What is -11010110100001101111101 (base 2) in base 15?
-93ccbe
What is 102308 (base 12) in base 4?
331230320
Convert -22202301201 (base 4) to base 9.
-5172280
What is -11024302 (base 5) in base 10?
-95577
Convert 101202320221 (base 4) to base 11.
2661606
-11110111011010100 (base 2) to base 9
-212681
What is 243220333 (base 5) in base 7?
12521401
Convert 1111101110100011011 (base 2) to base 5.
112442410
Convert 3002654 (base 7) to base 3.
122222112212
Convert -32417677 (base 9) to base 4.
-323233102231
-8130d (base 16) to base 3
-222212212201
Convert 13a4a3 (base 11) to base 3.
102010020201
Convert -2739b9 (base 12) to base 7.
-5343255
Convert 248887 (base 16) to base 9.
4448254
What is -14662531 (base 7) in base 6?
-50121204
Convert -278828 (base 12) to base 6.
-22033252
201260 (base 10) to base 15
3e975
What is -80b3f (base 16) in base 15?
-a62e7
What is -bb733b (base 15) in base 8?
-42051724
What is 10011100011110111010111 (base 2) in base 15?
6b4479
8f3453 (base 16) to base 15
c55b48
-200020222221 (base 3) to base 16
-57be3
What is -11003222232 (base 4) in base 8?
-5035256
-20546111 (base 7) to base 10
-1742840
What is 2919751 (base 10) in base 3?
12111100010221
Convert 1122a9 (base 12) to base 11.
177493
5103652 (base 9) to base 6
134135502
What is 322321212 (base 4) in base 2?
111010111001100110
-101011001111001110010 (base 2) to base 12
-583b02
18c7a98 (base 14) to base 11
6a5100a
Convert -234410114 (base 6) to base 9.
-8273451
Convert 4213211 (base 8) to base 7.
12342650
Convert -42222a3 (base 11) to base 6.
-423251233
Convert 3a548c (base 15) to base 11.
164443a
What is 31643 (base 16) in base 11?
128aa6
What is 819b2b (base 13) in base 3?
12200110110010
Convert 20112212112121 (base 3) to base 9.
6485477
What is 544bf (base 16) in base 14?
8db8b
-102080 (base 10) to base 8
-307300
What is -20010212010 (base 4) in base 8?
-10044604
-5253a (base 11) to base 15
-17a10
Convert -1523231 (base 6) to base 3.
-11111220101
10001000100101001 (base 2) to base 15
15abe
-82217 (base 15) to base 9
-687414
What is 1750081 (base 13) in base 8?
34676602
113313421 (base 5) to base 7
4320565
Convert -8683168 (base 9) to base 8.
-21616640
10211012011 (base 3) to base 5
4401401
-10b78a4 (base 13) to base 6
-302314525
Convert 12102022202 (base 3) to base 6.
2141502
What is -612b50 (base 12) in base 4?
-11302303230
Convert 20211212200 (base 3) to base 10.
134775
What is -115465 (base 11) in base 8?
-